-80
Let n(i) = i**2 + 36913*i - 369223. Determine n(10).
7
Let i(p) = 4799*p + 2989782. Determine i(-623).
5
Let g(t) = -t**3 - 37*t**2 + 821*t + 24345. Give g(-43).
136
Let y(w) = 2212*w + 316428. Determine y(-143).
112
Let h(f) = 32247*f + 64461. Give h(-2).
-33
Let l(j) = 3*j**3 - 10*j**2 + 619*j - 3771. Give l(6).
231
Let a(n) = 909*n - 93603. Calculate a(103).
24
Let a(o) = 2*o**3 + 9*o**2 + 138*o + 504. Determine a(-4).
-32
Let o(n) = 47*n**2 - 89*n - 1. What is o(6)?
1157
Let h(r) = 10915*r - 21854. Calculate h(2).
-24
Let z(u) = 69764*u - 418594. What is z(6)?
-10
Let s(f) = 24*f**2 + 2303*f - 4606. Give s(2).
96
Let d(r) = -17*r**3 + 15825*r**2 + 17708*r - 5. What is d(932)?
-5
Let x(f) = -3*f**3 + 100*f**2 - 24*f + 1141. What is x(35)?
-5824
Let z(w) = -5*w**2 + 4190*w - 69786. What is z(821)?
-1
Let c(p) = 31*p**2 + 89*p - 25010. Give c(27).
-8
Let v(u) = -3*u**2 - 1403*u - 16410. Give v(-12).
-6
Let r(b) = b**2 - 1250*b - 2305537. Determine r(-1017).
2
Let n(k) = 93*k**2 + 683*k - 2504. What is n(-10)?
-34
Let h(f) = 99914*f - 1498651. What is h(15)?
59
Let n(g) = 6*g**2 + 164*g - 6828. What is n(-50)?
-28
Let a(o) = -6*o**2 - 563*o - 9472. Give a(-72).
-40
Let a(r) = r**3 + 71*r**2 + 1301*r + 2413. Give a(-29).
6
Let h(x) = -11147*x - 66261. Calculate h(-6).
621
Let y(r) = 2*r**3 + 148*r**2 - 41*r - 13172. Determine y(-73).
479
Let c(w) = -w**3 + 6*w**2 + 68*w - 903. Give c(10).
-623
Let m(o) = 34499*o - 35224. What is m(1)?
-725
Let b(w) = -159*w + 3484. Determine b(28).
-968
Let g(y) = -2*y**3 - 2085*y**2 - 8311*y - 9. Calculate g(-4).
3
Let k(i) = 55342*i - 553381. Give k(10).
39
Let q(i) = 5994*i - 425580. Give q(71).
-6
Let i(g) = 19*g**3 - 3006*g**2 + 636*g - 590. Give i(158).
42
Let d(j) = 2*j**3 - 2*j**2 - 202*j - 249. Give d(-9).
-51
Let k(h) = 89921*h + 3327076. Calculate k(-37).
-1
Let h(n) = -7485*n + 69521. Calculate h(10).
-5329
Let s(k) = 2*k**2 - 316*k - 319. Determine s(159).
-1
Let k(d) = d**2 - 79*d + 43. What is k(75)?
-257
Let j(u) = -40*u**2 - 30*u + 94. Calculate j(-5).
-756
Let f(y) = 79*y**2 + 5453*y + 166. What is f(-69)?
28
Let q(t) = 4*t**3 - 327*t**2 - 70*t - 980. What is q(82)?
4
Let u(o) = 3*o**2 + 136*o + 2588. Determine u(-17).
1143
Let c(r) = 41*r**3 - 2869*r**2 - 87*r + 1196. Calculate c(70).
6
Let g(o) = -97*o - 4062. What is g(-42)?
12
Let d(c) = -5*c**2 + 10647*c - 331. What is d(0)?
-331
Let h(o) = 97*o + 2733. Give h(-19).
890
Let f(p) = 21*p**2 + 874*p - 332. Determine f(-42).
4
Let f(g) = -7*g**2 + 687*g + 18346. Give f(120).
-14
Let l(g) = -75*g**2 - 4269*g - 4268. What is l(-1)?
-74
Let h(w) = 331*w + 104610. Determine h(-316).
14
Let g(x) = x**3 - 42*x**2 + 172*x - 132. What is g(4)?
-52
Let r(j) = 378*j + 8843. Give r(-14).
3551
Let y(q) = q**3 + 57*q**2 + 846*q - 135. What is y(-27)?
-1107
Let j(p) = p**3 - 358*p**2 - 13334*p + 2357. Give j(392).
5
Let c(z) = -17381*z + 34791. Calculate c(2).
29
Let v(g) = 3*g**3 + 3*g**2 + 27*g + 36. What is v(-3)?
-99
Let k(o) = -379*o + 2767. Calculate k(8).
-265
Let y(c) = -4153*c - 16906. What is y(-4)?
-294
Let q(p) = -p**3 + 157*p**2 + 1328*p + 30. Determine q(-8).
-34
Let x(u) = 22*u**2 + 4020*u - 13277. Calculate x(-186).
115
Let i(v) = 22542*v - 2321767. What is i(103)?
59
Let q(a) = -2780*a + 14077. What is q(5)?
177
Let y(d) = -d**3 - 1594*d**2 - 157726*d + 157. Determine y(-106).
-55
Let m(u) = -u**2 + 109*u + 4290. Give m(-31).
-50
Let p(r) = -15*r**2 + 101*r + 740. What is p(-12)?
-2632
Let z(c) = 2*c**2 + 123*c + 1300. Determine z(-55).
585
Let s(y) = 20*y**2 - 103*y - 526. What is s(-10)?
2504
Let t(p) = p**2 + 3063*p - 2343888. Calculate t(634).
10
Let b(g) = -g**3 - 127*g**2 - 2*g + 1366. What is b(0)?
1366
Let a(l) = 2*l**3 + 22*l**2 + 105*l + 812. Calculate a(-10).
-38
Let m(d) = 1100*d - 87996. Determine m(80).
4
Let i(f) = -435*f**2 + 52200*f - 21. Determine i(120).
-21
Let c(k) = -1125*k + 202362. Calculate c(180).
-138
Let s(y) = -20*y**3 + 598*y**2 + 67*y - 237. Determine s(30).
-27
Let a(h) = -5*h**3 - 721*h**2 - 283*h - 20089. Determine a(-144).
-73
Let j(h) = 40*h**3 - 2039*h**2 - 49*h - 133. Give j(51).
-31
Let r(j) = -j**2 - 42414*j - 8190670. What is r(-194)?
10
Let o(p) = p**3 - 2*p**2 + 59*p - 2144. Give o(12).
4
Let j(u) = -4*u**3 - 1305*u**2 + 3908*u + 3. Determine j(3).
-126
Let x(c) = 1033*c**2 + 193168*c + 45. Calculate x(-187).
606
Let s(o) = -47*o**2 - 2672*o - 32716. Calculate s(-39).
5
Let c(o) = -25*o**2 - 136*o + 114. Give c(1).
-47
Let m(l) = -1746*l**2 - 26160*l + 477. Give m(-15).
27
Let d(l) = 2087*l - 35520. Give d(17).
-41
Let n(s) = -s**2 - 41078*s + 780867. Calculate n(19).
24
Let g(x) = 9*x**2 + 2236*x + 7508. Determine g(-245).
-87
Let k(a) = 92986*a - 3161535. What is k(34)?
-11
Let q(z) = -z**3 - 28*z**2 + 7*z + 912. Determine q(-27).
-6
Let k(f) = -10*f**2 + 662*f - 4720. Determine k(8).
-64
Let d(l) = -48496*l + 193956. Determine d(4).
-28
Let y(f) = 26*f - 3871. Give y(109).
-1037
Let c(v) = 6*v**2 - 861*v + 9498. Calculate c(12).
30
Let m(z) = -506*z**2 + 27328*z - 211. Calculate m(54).
5
Let i(y) = -y**3 - 9*y**2 - 21*y - 243. Calculate i(-9).
-54
Let a(l) = 3*l**3 - 38*l**2 - 85*l + 385. What is a(14)?
-21
Let u(a) = 1335*a + 18. Give u(1).
1353
Let a(o) = 16847*o - 84243. What is a(5)?
-8
Let y(c) = 7292*c - 452092. Determine y(62).
12
Let x(p) = 68*p**3 - 34*p**2 - 90*p + 58. Give x(-4).
-4478
Let g(x) = 59611*x - 11. Calculate g(0).
-11
Let l(k) = 6*k**2 - 2253*k + 43619. Give l(355).
-46
Let f(j) = 24020*j - 167568. Give f(7).
572
Let f(v) = -68*v**2 - 141*v - 493. What is f(-7)?
-2838
Let u(q) = -1064*q - 45236. Calculate u(-43).
516
Let o(b) = 5*b**3 + 962*b**2 - 65045*b + 748. Give o(53).
6
Let v(d) = 3*d**2 + 146*d + 477. Give v(-42).
-363
Let v(f) = 16229*f - 308346. Calculate v(19).
5
Let r(g) = -1771*g - 46132. Calculate r(-26).
-86
Let q(x) = -2099*x - 13. Give q(-1).
2086
Let z(k) = -k**3 + 16*k**2 - 16*k + 873. Determine z(18).
-63
Let v(o) = 114*o**2 - 88*o - 500. What is v(-4)?
1676
Let m(c) = -2*c**2 - 24*c + 117044. Calculate m(236).
-12
Let z(v) = 261*v**2 + v + 5. Give z(2).
1051
Let j(g) = g**2 - 317*g - 1336. What is j(-4)?
-52
Let s(h) = -11002*h + 43997. Calculate s(4).
-11
Let x(l) = -2*l**3 - 15*l**2 - 75*l - 606. Determine x(-10).
644
Let x(w) = 1280*w + 20598. Determine x(-16).
118
Let l(n) = 40*n**3 + 15*n**2 - 457*n + 1256. Determine l(3).
1100
Let h(z) = 1663*z + 750189. Give h(-451).
176
Let k(d) = -d**3 + 290*d**2 + d + 93. What is k(0)?
93
Let z(w) = -10456*w + 1056042. Calculate z(101).
-14
Let p(z) = 108*z + 13591. Calculate p(-99).
2899
Let s(v) = 65*v + 19435. Calculate s(-299).
0
Let q(f) = f**3 - 120*f**2 - 3432*f + 4857. Give q(-25).
32
Let j(t) = -590*t**2 - 199*t + 418. Calculate j(2).
-2340
Let w(x) = x**3 - 116*x**2 - 705*x - 1735. Determine w(122).
1559
Let b(a) = -29*a**2 - 483*a + 275. What is b(-17)?
105
Let k(s) = -256*s - 203. Calculate k(-4).
821
Let p(c) = -c**3 + 40*c**2 - 99*c + 253. Give p(38).
-621
Let a(k) = k**2 - 17893*k + 571516. Give a(32).
-36
Let u(s) = -351*s**2 + 153*s + 506. What is u(-1)?
2
Let k(p) = -1619*p - 98751. Give k(-61).
8
Let v(h) = 354*h + 8934. Calculate v(-25).
84
Let w(k) = k**2 + 2061*k + 561352. Determine w(-323).
-22
Let q(c) = 1296*c - 42106. Calculate q(32).
-634
Let r(s) = -s**2 + 162*s - 6400. Calculate r(65).
-95
Let m(y) = -2*y**2 - 141*y + 2154. What is m(13)?
-17
Let w(p) = -66*p - 1985. What is w(-35)?
325
Let y(r) = -629*r + 9630. Calculate y(15).
195
Let t(r) = -13*r**3 - 2*r**2 + 2*r + 22. What is t(3)?
-341
Let d(n) = 139*n**2 + 12607*n - 16654. Determine d(-92).
-2
Let x(a) = a**3 - 3*a**2 + 42*a - 34. What is x(8)?
622
Let n(y) = -2491*y - 23026. Determine n(-8).
-3098
Let t(d) = 7897*d - 394956. Determine t(50).
-106
Let j(y) = -53*y**2 - 665*y - 16. What is j(-13)?
-328
Let k(h) = -h**3 - 187*h**2 - 3770*h - 71806. What is k(-167)?
4
Let c(r) = 28686*r - 1721166. Calculate c(60).
-6
Let f(q) = q**3 - 46*q**2 + 32*q - 3683. What is f(47)?
30
Let k(p) = -26*p**2 + 481*p - 42. Calculate k(19).
-289
Let m(l) = l**3 - 11*l**2 + 3237*l - 35583. Calculate m(11).
24
Let o(c) = 33*c**3 - 430*c**2 + 13*c + 12. Calculate o(13).
12
Let l(n) = -544*n + 59357. What is l(109)?
61
Let s(x) = -13181*